Riepiloghi dati NOAA
Seleziona il periodo richiesto
2024: Gen Feb Mar Apr Mag Giu Lug Ago Set Ott Nov Dic
2023: Gen Feb Mar Apr Mag Giu Lug Ago Set Ott Nov Dic
2022: Gen Feb Mar Apr Mag Giu Lug Ago Set Ott Nov Dic
2021: Gen Feb Mar Apr Mag Giu Lug Ago Set Ott Nov Dic
2020: Gen Feb Mar Apr Mag Giu Lug Ago Set Ott Nov Dic
2024: Gen Feb Mar Apr Mag Giu Lug Ago Set Ott Nov Dic
2023: Gen Feb Mar Apr Mag Giu Lug Ago Set Ott Nov Dic
2022: Gen Feb Mar Apr Mag Giu Lug Ago Set Ott Nov Dic
2021: Gen Feb Mar Apr Mag Giu Lug Ago Set Ott Nov Dic
2020: Gen Feb Mar Apr Mag Giu Lug Ago Set Ott Nov Dic
Riepilogo del 2023 Aprile
MONTHLY CLIMATOLOGICAL SUMMARY for APR. 2023 NAME: SMRS CITY: Rosignano Solvay STATE: Italy ELEV: 24 m LAT: 43° 23' 29" N LONG: 10° 26' 58" E TEMPERATURE (°C), RAIN (mm), WIND SPEED (km/hr) HEAT COOL AVG MEAN DEG DEG WIND DOM DAY TEMP HIGH TIME LOW TIME DAYS DAYS RAIN SPEED HIGH TIME DIR ------------------------------------------------------------------------------------ 1 15.1 16.5 16:00 13.4 23:05 5.0 0.0 0.0 15.3 56.3 1:20 W 2 13.9 17.8 13:15 11.4 16:20 6.1 0.0 4.6 6.1 30.6 14:25 NE 3 14.1 17.9 15:00 10.3 00:00 5.9 0.0 0.0 15.3 46.7 21:45 NE 4 9.9 13.2 14:10 6.6 23:45 10.1 0.0 0.0 17.9 51.5 11:05 ENE 5 9.4 13.7 15:55 5.7 5:00 10.6 0.0 0.0 13.7 48.3 12:00 NE 6 9.3 13.1 17:25 5.2 6:40 10.7 0.0 0.0 9.2 32.2 1:25 W 7 9.8 15.5 16:35 2.9 6:05 10.2 0.0 9.9 8.2 40.2 23:05 E 8 11.3 16.4 13:40 8.6 6:15 8.7 0.0 2.5 10.6 41.8 9:55 ENE 9 12.8 17.5 13:05 6.4 7:00 7.2 0.0 0.3 8.0 32.2 15:20 NE 10 13.9 18.2 14:35 10.0 0:45 6.1 0.0 0.0 9.2 33.8 8:20 NE 11 12.7 17.3 15:50 7.3 7:30 7.4 0.0 0.0 3.2 19.3 11:55 ENE 12 14.7 17.2 17:05 11.5 1:25 5.3 0.0 0.0 4.7 24.1 11:50 SE 13 13.8 15.7 10:10 11.8 22:10 6.2 0.0 0.0 13.7 54.7 12:25 W 14 12.2 15.9 14:15 7.1 6:45 7.8 0.0 10.2 12.6 53.1 0:55 W 15 12.4 16.6 14:20 8.9 8:00 7.6 0.0 7.4 9.3 43.5 19:35 NE 16 15.0 19.8 16:45 9.8 5:30 5.0 0.0 0.0 11.4 43.5 12:30 NE 17 14.9 17.8 12:55 11.6 6:45 5.1 0.0 0.0 11.4 46.7 12:20 NE 18 16.1 20.3 18:25 9.6 6:00 3.9 0.0 0.0 6.8 32.2 9:45 NE 19 14.9 18.4 12:05 11.2 4:55 5.1 0.0 0.0 6.0 27.4 14:35 W 20 14.1 17.2 13:20 8.9 6:30 5.9 0.0 0.0 6.6 35.4 12:05 E 21 14.6 19.7 17:25 9.1 6:55 5.4 0.0 0.0 5.3 30.6 14:30 W 22 15.1 19.2 12:05 9.6 5:15 5.0 0.0 0.0 3.7 20.9 14:55 W 23 15.0 20.0 13:55 9.1 6:45 5.0 0.0 0.0 8.5 41.8 14:55 S 24 16.2 18.2 16:25 14.1 00:00 3.8 0.0 0.0 12.1 49.9 8:40 W 25 15.3 17.7 15:40 11.4 2:45 4.7 0.0 0.0 12.4 51.5 7:35 W 26 14.6 19.8 12:10 7.8 6:40 5.4 0.0 0.0 5.3 24.1 12:15 W 27 14.7 19.7 16:50 8.3 5:40 5.3 0.0 0.0 4.0 20.9 12:55 W 28 15.3 19.2 16:30 9.7 4:50 4.7 0.0 0.0 8.0 32.2 15:30 SSE 29 16.4 19.3 15:15 13.5 4:15 3.6 0.0 0.5 4.8 29.0 14:45 E 30 16.7 20.6 11:50 14.1 5:25 3.3 0.0 9.9 4.0 24.1 13:00 W ------------------------------------------------------------------------------------- 13.8 20.6 30 2.9 7 186.1 0.0 45.2 8.9 56.3 1 W Max >= 32.0: 0 Max <= 0.0: 0 Min <= 0.0: 0 Min <= -18.0: 0 Max Rain: 10.16 ON 14/04/23 Days of Rain: 8 (> .2 mm) 6 (> 2 mm) 0 (> 20 mm) Heat Base: 20.0 Cool Base: 20.0 Method: Integration