Riepiloghi dati NOAA
Seleziona il periodo richiesto
2024: Gen Feb Mar Apr Mag Giu Lug Ago Set Ott Nov Dic
2023: Gen Feb Mar Apr Mag Giu Lug Ago Set Ott Nov Dic
2022: Gen Feb Mar Apr Mag Giu Lug Ago Set Ott Nov Dic
2021: Gen Feb Mar Apr Mag Giu Lug Ago Set Ott Nov Dic
2020: Gen Feb Mar Apr Mag Giu Lug Ago Set Ott Nov Dic
2024: Gen Feb Mar Apr Mag Giu Lug Ago Set Ott Nov Dic
2023: Gen Feb Mar Apr Mag Giu Lug Ago Set Ott Nov Dic
2022: Gen Feb Mar Apr Mag Giu Lug Ago Set Ott Nov Dic
2021: Gen Feb Mar Apr Mag Giu Lug Ago Set Ott Nov Dic
2020: Gen Feb Mar Apr Mag Giu Lug Ago Set Ott Nov Dic
Riepilogo del 2021 Agosto
MONTHLY CLIMATOLOGICAL SUMMARY for AUG. 2021 NAME: SMRS CITY: Rosignano Solvay STATE: Italy ELEV: 24 m LAT: 43° 23' 29" N LONG: 10° 26' 58" E TEMPERATURE (°C), RAIN (mm), WIND SPEED (km/hr) HEAT COOL AVG MEAN DEG DEG WIND DOM DAY TEMP HIGH TIME LOW TIME DAYS DAYS RAIN SPEED HIGH TIME DIR ------------------------------------------------------------------------------------ 1 25.4 27.3 11:25 23.7 23:45 0.0 5.5 0.0 17.1 59.5 23:00 W 2 24.3 26.3 12:35 20.7 00:00 0.0 4.3 0.0 14.5 51.5 1:35 W 3 22.9 27.1 13:55 17.8 5:40 0.2 3.1 0.0 5.8 22.5 14:55 ENE 4 22.9 27.0 14:00 18.3 5:15 0.2 3.2 0.3 5.3 22.5 11:30 E 5 23.6 24.7 14:25 21.7 0:05 0.0 3.5 0.0 19.8 54.7 22:30 W 6 24.4 27.1 14:30 22.1 23:15 0.0 4.4 0.0 11.9 45.1 0:35 WSW 7 25.1 28.7 15:10 19.3 6:10 0.0 5.1 0.0 11.4 43.5 18:05 S 8 25.6 28.5 19:20 22.8 23:50 0.0 5.6 0.0 6.0 27.4 13:20 W 9 24.7 28.1 10:00 18.8 6:30 0.1 4.8 0.0 4.8 22.5 14:30 W 10 25.6 28.6 16:05 21.8 6:20 0.0 5.5 0.0 4.5 20.9 13:30 WSW 11 26.6 30.7 19:30 22.4 5:30 0.0 6.6 0.0 6.3 30.6 16:00 W 12 27.6 33.3 15:30 20.8 6:50 0.0 7.6 0.0 4.2 20.9 13:10 W 13 26.7 30.6 13:10 21.7 6:30 0.0 6.7 0.0 5.1 20.9 14:45 W 14 26.7 31.6 16:25 21.4 5:30 0.0 6.6 0.0 4.5 20.9 18:15 W 15 26.6 31.3 13:50 20.9 6:35 0.0 6.6 0.0 4.2 25.7 14:00 W 16 26.6 30.7 12:15 23.3 6:00 0.0 6.5 0.0 5.5 29.0 18:25 W 17 25.3 27.8 11:00 21.3 7:10 0.0 5.3 0.0 7.1 27.4 2:50 W 18 25.7 30.8 17:45 20.1 6:25 0.0 5.7 0.0 6.4 37.0 15:50 W 19 25.5 29.3 10:35 21.3 5:40 0.0 5.5 0.0 6.9 30.6 16:35 W 20 23.9 26.8 15:25 19.4 6:00 0.0 3.9 0.0 6.8 35.4 14:10 W 21 24.3 28.2 16:40 19.8 4:55 0.0 4.3 0.0 6.3 32.2 16:55 W 22 23.7 27.4 17:55 18.8 5:40 0.1 3.8 0.0 4.2 22.5 14:05 W 23 24.9 28.8 15:10 20.5 5:50 0.0 5.0 0.0 5.8 29.0 17:35 W 24 26.2 30.5 16:35 22.9 5:00 0.0 6.2 0.5 10.6 32.2 23:25 NE 25 25.6 30.2 14:40 23.0 3:25 0.0 5.6 0.0 10.9 43.5 15:15 ENE 26 24.2 26.8 14:35 20.0 5:25 0.0 4.2 0.0 8.0 30.6 15:50 W 27 24.5 28.3 11:15 20.3 6:25 0.0 4.5 0.0 7.1 29.0 15:50 W 28 21.1 25.7 17:00 16.1 9:10 0.6 1.7 7.4 10.6 48.3 11:55 NE 29 22.1 25.9 12:30 18.9 0:35 0.2 2.3 0.0 8.5 30.6 16:40 NE 30 21.3 25.4 17:15 16.2 3:10 0.9 2.2 0.0 4.7 24.1 13:45 W 31 22.1 25.9 16:15 17.5 6:30 0.5 2.6 0.0 5.0 27.4 15:05 W ------------------------------------------------------------------------------------- 24.7 33.3 12 16.1 28 2.8 148.3 8.1 7.7 59.5 1 W Max >= 32.0: 1 Max <= 0.0: 0 Min <= 0.0: 0 Min <= -18.0: 0 Max Rain: 7.37 ON 28/08/21 Days of Rain: 3 (> .2 mm) 1 (> 2 mm) 0 (> 20 mm) Heat Base: 20.0 Cool Base: 20.0 Method: Integration